2 - 219*d - 1. Determine m(11).
63
Let g = 15816 - 15811. Let j(v) = v**3 - 3*v**2 - 12*v. What is j(g)?
-10
Let i = -142 + 146. Let h(y) = 3*y**3 - 11*y**2 - 10*y - 8. Let c(l) = l**3 - l**2 - l - 1. Let b(d) = i*c(d) - h(d). Give b(-6).
4
Let h(l) = l**3 + 5*l**2 + 3. Let v be h(-3). Suppose t - v + 20 = 0. Let x(r) = -r + 4 - t + 2 - 4. Determine x(-7).
8
Let p(w) = -7*w**2 + 8*w - 8. Let v(k) = -2*k**2 + 3*k - 3. Let g(q) = -4*p(q) + 11*v(q). Suppose 5 = 663*m - 658*m, -4*m = 2*d - 6. Give g(d).
6
Let x(i) = 63*i + 27 + 70206*i**2 - i**3 + 17 - 70217*i**2. What is x(-15)?
-1
Let z = -242 + 247. Let c(p) be the third derivative of -1/12*p**4 - 1/6*p**3 + 1/60*p**z - 1/120*p**6 + 0 + 0*p + 19*p**2. What is c(2)?
-9
Suppose 4*r = -2*p + 12, -r - 2*p + 16 = 4*r. Let o(u) be the first derivative of -u**3/3 + 5*u**2/2 - 10*u + 4723. What is o(r)?
-6
Let d(p) = 8*p + 13*p - 24 + 0 - 22*p. What is d(-6)?
-18
Let y(k) = 223*k + 2*k**2 + k**2 - 112*k - 63 + 92*k. Give y(-68).
5
Let b(d) = 8*d + 12. Let x(q) = -q - 4. Suppose f - 3*f - 6 = 0. Let o(h) = f*x(h) - b(h). What is o(4)?
-20
Let t(w) = -2*w - 2. Let j be t(-4). Let b be (-66)/22*8*(-2)/j. Let y(o) = -17 - b*o + o**2 - 20 + 44. What is y(6)?
-5
Suppose -22 = 2*y - 10. Let d be (-688)/24*(-9)/y. Let j = d - -37. Let w(r) = r**2 + 5*r - 7. Determine w(j).
-1
Let s = 661 - 963. Let c = s + 307. Let j(w) = 3*w**2 - 6*w - 4. What is j(c)?
41
Suppose -22 = -4*q + 3*y - 1, 0 = q - 5*y - 18. Let g(u) = -3*u + 7*u**2 - 2*u**q - 13 + 11 - 8*u**2. Determine g(-2).
16
Suppose -85 + 65 = 20*g. Let c(d) = -33*d**2 - 2*d - 1. What is c(g)?
-32
Let i(n) be the third derivative of -n**5/30 - n**4/12 + n**3/3 - n**2 - 4632*n + 5. Let w = 4 + -6. Calculate i(w).
-2
Let g be (2 - 5)/((-225)/40 + 6). Let k be (-20 + 14)/((-6)/g). Let r(z) = z**3 + 8*z**2 + z + 13. What is r(k)?
5
Let d(n) = 6*n - 2. Let p be 0 + 1 - (35 - -6). Let y = p - -39. Let l be (y - 3) + (6 - 4). Give d(l).
-14
Suppose -v + 6 = -w, -6*w = -4*w - 4*v + 20. Let t(q) = -10*q**2 + 3*q + 3. What is t(w)?
-43
Let n(z) = 9*z - 178. Let a(w) = -2*w + 20. Let f(q) = -6*a(q) - n(q). Calculate f(-11).
25
Suppose -2*r + 129 = r. Let n = 60 - 54. Let i(u) = n - 4 - r*u - 3 + 42*u. Determine i(-1).
0
Let z(r) be the second derivative of r**4/12 - 11*r**3/6 + 13*r**2/2 - 241*r. Calculate z(2).
-5
Let p(v) = 4*v + 4*v + 7*v + 2 - 12*v. Suppose -6 = -6*h + 24. Suppose h*n = n - 8. Calculate p(n).
-4
Let a be (0 - 1)*(4 - 6 - 3). Suppose -19 = 4*l + 4*q - 11, q = a*l + 4. Let x(u) be the first derivative of -3*u**3 + u**2/2 - 1. Calculate x(l).
-10
Let a(b) = 6*b - 2. Let c = -78 + 75. Let g be (c/2)/((-21)/(-42)). Calculate a(g).
-20
Suppose 5*v - 38 = n, 1287*n = 1285*n + 3*v - 20. Let s(w) be the second derivative of -46*w + 1/6*w**3 + 0 - w**n. Give s(7).
5
Let v(i) be the second derivative of -i**4/6 - 25*i**3/6 - 11*i**2/2 + 1077*i. Calculate v(-12).
1
Let s(f) = -2*f - 2. Let w be s(-4). Let j(p) = -2*p - p + p**3 + w*p**2 - 5 + 2*p. Suppose -2*v = -0*v + 12. What is j(v)?
1
Let o(x) = x**3 + 11*x**2 + 11*x + 10. Suppose -40*u = -45*u + 100. Suppose -i - 3*i - 50 = -2*j, -4*j = 4*i + u. What is o(i)?
0
Let y(q) = 4 + 0*q**2 - q**2 + 1 + 8*q. Let v(t) = 2*t**3 + 13*t**2 + t - 19. Let a be v(-6). Suppose -2*k = -c - a, -3*k = 3*c - 5*c - 14. Calculate y(k).
5
Let x(p) = 15*p**2 + 65 - 4*p**2 - 5*p**2 + 238*p - 147. Calculate x(-40).
-2
Let o be 42/252 + -1*((-33)/18 - -2). Let p(a) = -14 + 2 + 1 + a + 4. Calculate p(o).
-7
Suppose 378*n = -1142 - 370. Let k(z) = -13*z - 3. Give k(n).
49
Let h(u) be the third derivative of u**4/24 + 2*u**3/3 + 3*u**2 - u. Suppose 9*z = 8*z - 6. Determine h(z).
-2
Let c(a) be the third derivative of -a**4/24 + 29*a**3/6 + a**2 - 83*a. Suppose -13*s - 17*s + 3*s = 0. Determine c(s).
29
Suppose 0 = 4*c + 3*q - 6, -2*q = -4*c + 1 - 5. Suppose c*a = -14*a + 112. Let s(y) = -29*y + 2 + 11*y + a*y + 6*y. Determine s(-3).
14
Let s(p) = 4*p + 45. Let v(c) = -13*c**2 + 27*c - 11. Let y be v(2). Give s(y).
9
Let h(t) be the first derivative of -t**5/30 + t**4/6 - 2*t**3 - 7*t + 90. Let y(i) be the third derivative of h(i). Calculate y(-8).
36
Suppose -23*j = -5*j - 144. Suppose -3*q + 17 - j = 0. Let u(b) = b**3 - 2*b**2 - 3*b + 3. Determine u(q).
3
Let z(n) = -n**2 + 3*n + 7. Let f be z(4). Let k(m) = 0 + 1 + m + f. Let h be (-1 + -2)/((-291)/(-679)). Give k(h).
-3
Let p(v) be the second derivative of 2*v**3 + 4*v**2 - 3945*v. Give p(1).
20
Let w(v) = v**3 - 7*v**2 + 3*v - 13. Suppose 9*s - 48 + 18 - 33 = 0. Calculate w(s).
8
Let j(q) = q + 6. Let n(l) = 100*l + 21*l**2 + 117*l + 101*l - 297*l - l**3 + 16. Let z be n(22). Determine j(z).
0
Let x(t) = -t**2 - 16*t - 16. Let u be (-3)/((-2506)/(-224) - 11). Give x(u).
-16
Let y(f) = 8*f**2 + 46*f + 12. Let z be y(-5). Let s(g) = 5*g + 81. Calculate s(z).
-9
Let u(h) = -2*h**2 - 14*h - 2. Suppose 92*p + 40 + 490 + 390 = 0. What is u(p)?
-62
Let c(t) = -2*t - 18*t**2 + 33*t**2 + t - 16*t**2 + 11 - t**3 + 21. Determine c(0).
32
Let l(i) = 3*i + 2. Let s(u) = -u - 1. Let c = 2467 - 2468. Let k = -5 + 1. Let a(n) = c*l(n) + k*s(n). Give a(6).
8
Suppose -6*y + 34 = -4*n - y, -2*n = y + 10. Let s(q) = -40*q - 228. Let g be s(n). Let j(t) = t**2 - 14*t + 14. What is j(g)?
-10
Let q(j) = 4*j**2 + 9*j - 6. Let a(p) = -7*p**2 - 17*p + 11. Let m(s) = -3*a(s) - 5*q(s). Suppose 2*i = -4*h - 14, -7*h = 5*i + 2 + 15. Give m(h).
-3
Suppose -101*n + 17 + 54 = -30. Let o(h) = 97*h - 93. What is o(n)?
4
Let r(v) = -v**2 - 15*v - 1. Let w(x) = x**2 + 12*x + 22. Suppose 0 = -6*g - 18 - 12. Let z be w(g). Calculate r(z).
25
Let x(i) = i**3 + 42*i**2 + 77*i + 76. Let d be x(-40). Let o = -176 + d. Let l(g) = -2*g + 40. Calculate l(o).
0
Let x(j) = -j**3 - 8*j**2 + 16*j + 35. Suppose 0 = -y - 10 + 13, -4*y = 2*u + 6. Give x(u).
-28
Let u(j) = -3*j**3 + j + 1. Let z(q) = -2*q**3 - q + 5. Let c(a) = -2*u(a) + z(a). Calculate c(-2).
-23
Let t(h) = 2*h - 25. Let k be ((105/45)/(5/(-10)))/(2/3). Calculate t(k).
-39
Let r = -247 - -453. Let x = r - 204. Let d(p) = 3*p + 3. Determine d(x).
9
Let r = -15 + 20. Let t(x) = r*x + 7*x + 2*x - 1 - 4*x. Let w be -3 - ((-56)/(-35))/((-6)/15). Give t(w).
9
Let r(x) = -2*x + 3. Let b(s) be the first derivative of s**4/4 + s**3/3 + 3*s**2/2 + 6*s + 37. Let j be b(0). Determine r(j).
-9
Let b(q) = 114*q - 141. Let d(p) = 147*p - 142. Let o(l) = 4*b(l) - 3*d(l). Calculate o(11).
27
Let o(z) be the first derivative of z**5/60 - z**2/2 + z - 8. Let m(n) be the second derivative of o(n). Determine m(2).
4
Let d(c) be the second derivative of c**4/12 + c**3 + c**2 + c. Let q be 66/8 + (-4)/16. Suppose 5*v = 3*v - q. Calculate d(v).
-6
Let j(s) = 465*s + 461*s + 462*s - 117 - 1395*s. What is j(-15)?
-12
Let d(r) = 2*r**2 + 39*r + 57. Let k be d(-18). Let l(c) = -c**2 - 7. What is l(k)?
-16
Let w(n) = -486*n - 47 + 47 - 2*n**2 - n**3 + 11*n**2 + 246*n + 250*n. Let b be 10/14 - (-2)/7. Let z be (20/(-2))/(b/(-1)). Give w(z).
0
Let c(p) = 129*p - 1956. Let w be c(15). Let q(o) = 11*o + 228. Calculate q(w).
-3
Let r(q) = -q**3 + 13*q**2 + 39*q - 48. Let d(w) = -3*w. Let o(s) = -12*d(s) - r(s). Calculate o(13).
9
Let f(j) = -2*j. Let n = 278 + -296. Let z(d) = -d**2 - 8*d + 182. Let g be z(n). Determine f(g).
-4
Let a(w) = w + 11. Let v(y) = -3*y**2 + 11*y - 4. Let l be v(3). Suppose 2 = c - l*f, -5 = 5*f - 0*f. Calculate a(c).
11
Let j(q) = 121*q**2 - 44 - 47*q - 120*q**2 + 61*q. What is j(-16)?
-12
Let y(f) = 20*f**2 - 8*f - 9. Let j(s) = -7*s**2 + 3*s + 3. Let i(z) = -17*j(z) - 6*y(z). Suppose 3*q + 300*k + 16 = 304*k, 5*k = -5*q - 15. Give i(q).
-1
Suppose 5*s - 41 = -t, 15*t - 18*t = -3. Let y(u) = 27*u**3 + 9*u - 9*u**2 - 15*u**3 - 7 - 11*u**3. Give y(s).
1
Let h(q) = 16*q - 12. Let t be (-13287)/(-1935) + 4/30. What is h(t)?
100
Let r be 10/2 - 39/78*-4. Let o(k) = -2*k**2 + 9*k + 40. Determine o(r).
5
Let o(b) = 0*b**2 - 3*b**2 - 4*b - 5 + 2*b**2. Let g(d) be the first derivative of 2*d**2 - 88*d - 18. Let j be g(21). Determine o(j).
-5
Let b(s) = -4*s**2 + 20*s + 2. Let i be b(0). Let o(x) = -2*x**3 + 3*x**2 + 2*x - 1. Calculate o(i).
-1
Let c(j) = -j**3 - 6*j**2 - 7*j - 8. Let b be c(-5). Let l be (22/b)/((-4)/(-4)). Let i = 15 - l. Let h(q) = -q**2 + 2*q. Calculate h